et g be t(-28). Calculate the greatest common factor of g and 39.
13
Let h be (9/(-9))/((-144)/141 + 1) - 2. Suppose -107 - 1 = -4*a. What is the highest common factor of h and a?
9
Let d be (1 + 34/(-8))/(41/(-164)). What is the highest common factor of d and 52?
13
Let s be (-137130)/(-330) + (16/11 - 2). What is the greatest common factor of s and 249?
83
Let f = 42173 + -13397. Let a be 4/34 - f/(-187). Calculate the highest common factor of a and 14.
14
Let k(h) = h**3 + 6*h**2 - 18*h + 6. Let j be k(-6). Calculate the highest common divisor of 6 and j.
6
Let f = 11 + -9. Let m be (4/12)/(f/54). Suppose -4*r - 3 = -w - m, 4*w + r = 27. Calculate the greatest common factor of 3 and w.
3
Suppose 6*f - 3*f - 270 = 0. Let h = 54 - f. Let g be (-3)/(-2)*h/(-3). Calculate the highest common factor of 9 and g.
9
Let g be 12 - (-9 + (-343 - -4)). Calculate the highest common factor of 20 and g.
20
Suppose 4*s + 3*q = 313, 3*s - 17*q - 225 = -16*q. Calculate the highest common factor of s and 20.
4
Let b be 4/(-34) + 110213/5219. Suppose 3*l = -5*d + 2*l + 841, -4*d - l + 673 = 0. What is the greatest common divisor of b and d?
21
Suppose -5*g = y - 2*y - 145, 2*y = g - 38. Let h = g + -17. Let u be 113/5 - (-15)/(-25). Calculate the highest common factor of u and h.
11
Let d = 182 - 112. Calculate the greatest common factor of 10 and d.
10
Suppose 0*h + 4*h + 166 = c, -2*c - 46 = h. Let b = 174 + h. Calculate the highest common divisor of b and 12.
12
Let o = 398 + 295. What is the highest common divisor of 189 and o?
63
Let q be 1 - (3 + 76/(1 - 3)). Let c(z) = z**2 - 7*z + 5. Let u be c(5). Let g = 4 - u. What is the greatest common divisor of q and g?
9
Suppose 0 = -4*p - 0*p + 20. Let h(y) = 2*y**2 + y + 1. Let t be h(-1). Suppose t*c - 61 - 9 = 0. What is the greatest common divisor of c and p?
5
Suppose -b - 62 + 1133 = 0. Calculate the greatest common divisor of 51 and b.
51
Let y = 15 - 12. Suppose y*s = 4*s + 4, 3*b - 2*s - 14 = 0. Calculate the greatest common factor of b and 20.
2
Suppose 7*a - 300 = 2*a. Suppose -2*i + a = -4. Calculate the highest common divisor of i and 8.
8
Let i be (16/12)/(2/3). Suppose 0 = -i*b - 0*b. Suppose -3*a + 3*t + 54 = 0, a + b*t - 12 = -t. Calculate the highest common divisor of a and 135.
15
Suppose 3*z = -3*t - 8 + 38, -5*t + 39 = 4*z. Let h be 1/((4/32)/(2/2)). Let y = h - -3. Calculate the highest common divisor of y and z.
11
Let d = -785 + 889. Calculate the greatest common divisor of d and 364.
52
Let q(r) = -r**3 + 43*r**2 + 6*r - 192. Let z be q(43). What is the highest common divisor of 506 and z?
22
Let b be 3*1*(-8)/3. Let x be (-2)/b - (-1)/(-4). Suppose x*j = j - 21. What is the greatest common factor of j and 63?
21
Let b = -153 - -198. Calculate the greatest common factor of b and 720.
45
Let x be (1*2 - (-28)/(-16))*-4. Let f(o) = -20*o**3 + 2*o**2 + o - 1. Let p be f(x). Calculate the highest common factor of 70 and p.
10
Suppose x - 12 = -x - 4*s, 4*x = s - 21. Let n be x + 0 - (10 + 1). Let y = n - -24. Calculate the greatest common factor of y and 18.
9
Suppose -2*q - 5*s = -54, 2*q - 5*s + 19 = 93. What is the highest common factor of q and 2?
2
Let h(g) = 2*g + 7. Let q be h(-2). Suppose -q*x = -x - 48. Calculate the highest common factor of 12 and x.
12
Let p be (-65 - -8) + 2*3/(-2). Let v = -58 - p. Calculate the greatest common factor of v and 2.
2
Let r be (-2)/((-8)/12) + 12. Suppose -5*m - 5 = r. Let i be ((-18)/m)/(12/120). Calculate the greatest common divisor of i and 9.
9
Let m = 1840 + -1609. What is the greatest common divisor of 55 and m?
11
Let d be -1 + (0 - 1*-61). Let p = 26 + -15. Let s = 4 + p. Calculate the greatest common factor of d and s.
15
Let o = -72 + 80. Let c be ((-123)/(-12))/(2/o). What is the highest common factor of c and 41?
41
Let c(b) = -7*b + 2. Let t be c(-2). Let s be (t/6)/4*48. Let j = 52 + -44. Calculate the greatest common divisor of s and j.
8
Let r = 10 + 6. What is the greatest common divisor of 4 and r?
4
Let w(z) = -10*z + 22. Let m be w(8). Let r = 71 + m. Suppose 281 = 2*q - v, 0*q + q - 128 = 3*v. Calculate the greatest common factor of r and q.
13
Suppose -w + 32 = 30. Calculate the highest common divisor of w and 2.
2
Let v(x) = 75*x**2 - 27*x - 51. Let u be v(-2). Calculate the greatest common factor of u and 3.
3
Suppose -5*m - 60 = -365. Suppose 0 = 3*u - 2*c - 51, -2*u + m = 2*u - 5*c. What is the greatest common factor of u and 76?
19
Let b = 219 + -218. Calculate the greatest common divisor of b and 9.
1
Let m = -167 - -554. Suppose -m = -3*w - 57. Let o be w/33*3*1. What is the greatest common divisor of 90 and o?
10
Suppose -5*k - 2*l + 17 = 0, -4 = -2*k - 4*l + 6. Calculate the greatest common factor of k and 75.
3
Let u be (-1 - -5) + 0 - (1 + -8). Calculate the greatest common factor of 1 and u.
1
Suppose 3*j = -j + 252. Let l be ((-2)/2)/((-318)/(-54) - 6). What is the highest common factor of j and l?
9
Let d be (2 - 3)/(-1) + 44. Suppose -5*h = -4*i + 82, 3*i + 5*h = 5*i - 46. Calculate the highest common divisor of d and i.
9
Let m be (-7113)/(-6) + 60/24. Calculate the highest common divisor of m and 44.
44
Suppose -7362 = -5*y + 4*c, -2*y - c = -863 - 2074. Let r be (-1)/3*y/(-5). Let d be r - (3 - 3)/(-3). Calculate the greatest common factor of 14 and d.
14
Let i = 357 + -42. What is the highest common divisor of i and 45?
45
Suppose 0 = -13*f - f + 1540. Calculate the highest common divisor of 10 and f.
10
Suppose 1352 = 3*z + 4*n + 1265, z = 3*n + 16. Let p = 1 - 0. Calculate the greatest common divisor of z and p.
1
Let q = -7 + 17. Let s = 169 + -149. Calculate the greatest common divisor of s and q.
10
Let h(c) = 4*c**2 - 3*c. Let p be h(-6). Let u = -74 + p. Suppose -u = -0*k - 4*k. What is the highest common factor of k and 55?
11
Let j be (-18)/4*4/(-6). Suppose 0 = -3*h + 2*n + 51, 0 = -3*h - 2*n + j*n + 54. Suppose -2*p + 5*p - 285 = 0. Calculate the greatest common factor of p and h.
19
Let o(g) = g**2 + 13*g + 10. Let t be o(-17). Suppose -5*h + 36 + 29 = 0. What is the highest common factor of t and h?
13
Suppose 242*a - 1804 = 231*a. What is the highest common divisor of 287 and a?
41
Let a(p) = p + 64. Let y be a(-20). Let j = -77 - -385. Calculate the highest common factor of y and j.
44
Let d = 16 + -14. Suppose 5*a - 155 = 3*q, 3*q = 5*q + 10. Suppose -4*u - 8 = 0, -5*x = -d*u - a - 1. What is the highest common divisor of x and 50?
5
Suppose -33 = 4*f - 105. Let q(l) = 25*l + 2. Let v be q(1). Calculate the highest common divisor of f and v.
9
Let u = 1215 + -1033. What is the highest common divisor of 21 and u?
7
Let r(b) = -b**2 + 4*b + 3. Let p be r(4). Suppose 5*l + 172 = 4*k + 1320, 0 = -p*k - 6. What is the greatest common divisor of 12 and l?
12
Let p(u) = -176*u**3 + u**2 + 8*u + 6. Let q be p(-1). What is the highest common factor of 14 and q?
7
Suppose -1 = -2*l + 9, -2*l = -5*s + 4505. Let t be s/14*(-42)/9*-1. What is the highest common factor of t and 43?
43
Let l be (11 + -10)*(-1 - -3). Suppose -79 = -5*r + 4*x, -l*x = -3*r - 0*r + 47. Let f be (-602)/(-8) - 2/8. Calculate the highest common factor of f and r.
15
Let u(h) = 2 + 0 + 16*h - 12*h. Let d be u(1). Calculate the greatest common factor of 12 and d.
6
Let w = -1296 - -1904. What is the highest common factor of w and 64?
32
Let c(r) = -r**3 + r**2 - 37. Let t be c(0). Let i = -13 - t. Let y be (-32)/(-6) - 32/i. What is the highest common factor of y and 28?
4
Let m(t) = 30*t + 2. Let q be m(-1). Let s = q + 30. Calculate the highest common divisor of s and 1.
1
Let y be (-20346)/(-20) - 225/750. Calculate the highest common divisor of 9 and y.
9
Suppose h - 5 = 3*f - 57, -3*f + 4*h = -37. Let k = -4 + 1. Let l be ((-4)/(-3))/(k/(-171)). Calculate the highest common factor of l and f.
19
Suppose -j - 5*q - 60 = -6*j, -q = 4*j - 58. Suppose 4*g + j = 3*p, 0 = -p + g - 0*g + 5. Suppose p = -i + 9. Calculate the highest common divisor of 3 and i.
3
Suppose 3*o = 5*v + 28, 20 = -2*o - 4*v + 68. Let u = 21 - 13. Calculate the greatest common factor of u and o.
8
Let f(y) = -y**3 - 11*y**2 - 12*y + 11. Let u be f(-10). What is the highest common divisor of u and 31?
31
Let q = 26 + 19. Let a(x) = 69*x + 3593. Let g be 